a be (5 - 16) + (22 - 14). Give u(a).
44
Let l(w) = -w**3 + 2*w - 1. Let v(a) be the third derivative of a**6/20 - 7*a**5/60 - 17*a**4/24 - a**3 - 6*a**2. Let p(u) = -5*l(u) - v(u). Give p(8).
3
Let w = 134 - 124. Let d = 13 - 5. Let v(n) = -6*n + n**2 - 2*n**2 - w + d + 2*n. Calculate v(-5).
-7
Let f(i) = -i**2 - 12*i + 88. Let k be f(-17). Suppose 4*c - 62 = -5*v, -k*v + 3*c + 6 + 15 = 0. Let o(j) = j**2 - 11*j + 12. Determine o(v).
2
Let h = -5922 + 5929. Let k(m) = -m**2 + 22*m - 98. What is k(h)?
7
Suppose 3*a + 3*o = 551 - 545, 6 = -a + 3*o. Let t(m) = -m**2 - 2*m + 2. Determine t(a).
2
Let w(t) = -3*t - 8. Let x(q) = 3*q**2 - 72. Let f be x(13). Let b = f + -436. Calculate w(b).
-5
Let i(w) = -w**3 - 3*w**2 + 6*w + 1. Suppose -7 = s - 15. Suppose 6 = 3*q, -3*y - q + 86 = -0*y. Suppose -d = -s*d - y. Calculate i(d).
-7
Let l(q) = -q**3 - 12*q**2 + 30*q + 29. Let o be l(-14). Let z(b) = o - 197*b - b**2 + 190*b + 0*b**2. Give z(-7).
1
Let y = -10 + 6. Let c(m) = -5*m**2 + 7*m + 3. Let z(h) = 5 - 3*h + h - 123*h**2 - 6 + 124*h**2. Let d(u) = c(u) + 4*z(u). Determine d(y).
-13
Let d(y) = y**2. Let v(k) = 3*k**2 + 8*k + 6. Let b(a) = 2*d(a) - v(a). Suppose -4*w - 35 = 5. Let r = w - -5. What is b(r)?
9
Let o be (-2)/(0 + -2)*(5 - 5). Suppose o = -5*y + 9*y - 20. Let a(d) = y + 43*d - 15*d - 15*d - 14*d. Give a(5).
0
Let y(p) be the third derivative of -p**6/120 + 4*p**5/15 + 17*p**4/12 + 19*p**3/3 + 43*p**2. Let a be y(18). Let d(w) = -w**2 + 2. Determine d(a).
-2
Let c(j) = -6*j**2 + 37*j + 2. Let k be c(6). Let a be 78/52*k/(-3). Let i(r) = -2*r**2 - 4*r - 6. What is i(a)?
-22
Let t(v) = 23*v - 52 + 210 + 65 - 63. Calculate t(-7).
-1
Let s = -3 + 0. Let r(x) be the first derivative of -x**5/20 + x**3/2 - x**2 + 109*x + 36. Let u(i) be the first derivative of r(i). What is u(s)?
16
Let n be (20/12)/((-31)/(-93)). Let w(i) = 2*i**3 - 10*i**2 - i - 7. Give w(n).
-12
Let p(v) = -v**2 + 47 + 3*v - 41 + 6*v - 16. Let w be ((-25)/15)/((-1)/21). Suppose -6*n + n + w = 0. Calculate p(n).
4
Let u = 428 + -372. Suppose -19*p + u = -20. Let m(i) = 3*i - 9. What is m(p)?
3
Let i(x) = -2*x**2 + 32*x + 37. Let f(p) = -p**2 - 21*p + 63. Let u be f(-23). Calculate i(u).
3
Let w(b) = 24*b - 175. Let s(v) = -24*v + 118. Let q(y) = -6*s(y) - 4*w(y). Calculate q(1).
40
Let k = 184 + -181. Let j(c) = -20*c**3 - 8*c**2 - 29. Let x(a) = 5*a**2 - 10 - 7*a**3 - 5*a**2 - 3*a**2. Let z(u) = 6*j(u) - 17*x(u). What is z(k)?
-4
Suppose 48*g + 2149 = 1381. Let h(p) = 3*p + 2. Determine h(g).
-46
Let n(m) = -2*m - 3*m + m**2 + 8*m - 30 - 7*m + 41. Calculate n(5).
16
Let l(i) = i**2 + 10*i + 11. Suppose 17 + 7 = 4*q. Let d(v) = -24*v + 699. Let g be d(29). Suppose -g*y = -3*r - 33, 7*y - 27 = 3*r + q*y. Calculate l(r).
-5
Let u = 82 - 90. Let z(w) be the first derivative of -w**2/2 - w + 85. Give z(u).
7
Let f be (-2 + (11 - 0))/(2/120). Suppose 2*n - 5*n - 421 = -u, -4*u - f = 4*n. Let i = -144 - n. Let d(a) = -a**2 - 5*a + 2. Calculate d(i).
2
Let p be 22*1/(-2)*1. Let r(l) = 5*l + 73. Calculate r(p).
18
Let r(b) = b**2 + 3*b - 2. Let m = 82 - 78. Suppose -5 = -y + h, -4*h - 21 = -m*y - h. Suppose f - y + 11 = 0. Give r(f).
8
Let j(f) = f**2 - 19*f - 19. Let l(q) = -q**2 + 38*q - 275. Let d be l(11). Give j(d).
47
Suppose 16526 = -7*d + 16442. Let v(y) = 2*y + 32. Determine v(d).
8
Suppose -2*u - 10 = -0*u. Let b(r) be the first derivative of 7*r**2/2 + 5*r - 11292. Give b(u).
-30
Let a(f) be the second derivative of f**5/40 - f**4/24 + f**3/3 + 29*f**2/2 + 140*f. Let v(r) be the second derivative of a(r). What is v(7)?
20
Let l = 3913 + -3921. Let j(x) = -x**3 - 7*x**2 + 7. Determine j(l).
71
Let p(v) = 20*v**3 + 100*v**2 - 73*v + 63. Let s(y) = -7*y**3 - 34*y**2 + 23*y - 21. Let b(r) = -6*p(r) - 17*s(r). What is b(-24)?
3
Let f(s) = 5*s. Let d(i) = 5*i + 1. Let o be ((-324)/(-189))/(2/(-7)). Let m(z) = o*d(z) + 7*f(z). What is m(5)?
19
Let x(w) be the second derivative of -w**5/6 - w**4/24 + 76*w**2 - w - 41. Let d(a) be the first derivative of x(a). Determine d(1).
-11
Suppose 4*a + 32 = 3*w, 2*a = -4*w - 17 + 67. Let l(j) = j**3 - 9*j**2 - 37*j + 19. Calculate l(w).
7
Suppose -25*i + 415 + 135 = 0. Suppose -4*p - 4 + 26 = -3*y, 5*y - 3*p = -i. Let w(d) = 9*d + 1. What is w(y)?
-17
Suppose 7*d - 1143 = -2*d. Suppose -y - 20 = 3*y, 3*w = 2*y + d. Let z(p) = -2*p + 0*p**3 - w + 41 + p**2 - p**3 - p**3. Determine z(2).
-14
Let d(z) = z**3 - 6*z**2 + 4*z - 5. Let t(q) = -q**2 + 35*q - 2. Let m be t(25). Let x = m + -242. Determine d(x).
19
Suppose -5*f + 4*m - 712 = 0, -2*m = 2*f - 0*m + 292. Let k = 141 + f. Let y(n) be the first derivative of -n**4/4 - n**3 - n**2 - 4*n + 31. Calculate y(k).
2
Suppose 0*q - 2*q + 2*p = -6, q + 2*p = -12. Let f be 0 - (-1)/q*-16. Let o(r) = r**2 - 7*r - 5. What is o(f)?
3
Suppose p - 4 = -3*s, 2*s + 3*s + 5*p - 10 = 0. Let f be 0/(s/5 + 36/45). Let l(t) = 18*t**2 + 11*t**2 + f - 9*t**2 + 1 + 2*t. What is l(-1)?
19
Let u(q) = 3*q**3 + 4*q**2 - 10*q + 22. Suppose -81*d = -72*d - 45. Let c(f) = 2*f**3 + 3*f**2 - 7*f + 14. Let h(n) = d*u(n) - 8*c(n). What is h(-6)?
34
Let w(x) = 11*x**3 + 2*x + 1. Let d(o) = o**2 - 5*o + 5. Let u be d(0). Suppose u*c = -18 + 13. Calculate w(c).
-12
Let z(a) be the third derivative of a**4/24 + 5*a**3/3 + 1291*a**2. Let l be (-52)/8 + (-3)/6. Give z(l).
3
Let v = 68 + -467. Let z = -406 - v. Let o(p) = p**3 + 7*p**2 + p - 5. Determine o(z).
-12
Let f(w) = -6*w**2 - 158*w - 50. Let l be f(-26). Let u(b) = -4*b**2 - 2*b - 1. Calculate u(l).
-21
Let b be (-14)/(-4)*3/((-126)/(-48)). Suppose b*k + 8 = -4. Let w be k*2/9*48/32. Let q(h) = -9*h**3 - h**2 + 1. What is q(w)?
9
Let a be 9/(-24)*-10 - 1/(-4). Suppose a = -9*u - 41. Let v(b) = b + 5. Determine v(u).
0
Let y be -117 + 67 + (0 - (0 + -2)). Let g = 31 - 83. Let t = y - g. Let p(u) = u**2 - 7*u + 6. Calculate p(t).
-6
Suppose 0 = -76*o + 48*o + 224. Let z be -2 + (-9)/((-9)/o). Let r(s) = s**2 - 8*s + 5. Calculate r(z).
-7
Let o(c) = -c**3 + 4*c**2 - 5*c + 3. Let p(y) = -7*y**3 - 3*y**2 + y. Let b be p(-1). What is o(b)?
-3
Let u(n) = 18*n**2 - 33*n - 29. Let z(r) = 7*r**2 - 15*r - 12. Let j(b) = -2*u(b) + 5*z(b). What is j(-9)?
-2
Let i = 5746 - 5750. Let d(b) = b**3 + 3*b**2 + 7*b + 50. Give d(i).
6
Let y(u) = u**3 + 9*u**2 + 5*u - 8. Let s(m) = -85*m + 14444. Let r be s(170). Determine y(r).
70
Let k be 0/(1*(3 + (-4)/(16/28))). Let v(p) be the second derivative of -1/6*p**3 + k + 1/2*p**2 + 7*p. Give v(1).
0
Let d(m) be the first derivative of m**3/3 + 13*m**2 + 84*m - 82. Let p be d(-22). Let h(j) = -j**3 - 7*j**2 - 5*j - 3. Give h(p).
-31
Let g(a) = -a + 9. Let t be ((-16)/10)/((-99)/15 + 7). Let r be 8*1/(16/204). Let l be r/14 + -1 - t/(-14). Give g(l).
3
Let k be -14 + 15 - (-13)/(6 + -5). Let x(b) = 4*b - 14. What is x(k)?
42
Let p(b) be the second derivative of 3*b**2 + 40*b - 1/6*b**3 + 0. Give p(3).
3
Let g(k) = -k**3 - 29*k**2 + 7. Let c be g(-29). Let v = c + -4. Let b(p) = p**3 - 3*p**2 - 2*p + 5. Let n be b(v). Let h(l) = -6*l**2 - l. What is h(n)?
-5
Let c(k) be the second derivative of -k**4/4 + 2*k**3/3 - k**2 - 2*k. Let n = -119 - -176. Let q = n + -55. What is c(q)?
-6
Let u(b) = b**3 + 8*b**2 + 6*b - 1. Let p be u(-7). Let z(n) = -n**3 + 6*n**2 + n - 2. Let d be z(p). Let y(g) = -1514*g + 0 + 1512*g + 2. Calculate y(d).
-6
Let u(n) = n**2 - 7*n - 10. Suppose 12 = 17*g - 107. Determine u(g).
-10
Let u(q) be the third derivative of -q**5/60 - q**4/2 - 7*q**3/6 - 2316*q**2. Determine u(-11).
4
Let a(u) = -u**2 + 11*u + 4. Suppose 6*c + 121 + 65 = 0. Let n = c + 42. Calculate a(n).
4
Let l(h) = 4*h - 33. Let a(q) = -2*q**2 + 72*q + 1952. Let o be a(54). Give l(o).
-1
Let d(b) = b**2 - 8*b - 7. Let z be d(9). Let c(u) = -13*u**2 - 147*u**3 + u + z*u**2 + 146*u**3 + 6. Let a be c(-11). Let t(h) = -h**2 - 2*h + 5. What is t(a)?
-10
Let o(b) = b**2 - 10. Let a be (161/(-21) + 8)*(8 + 1). Calculate o(a).
-1
Let s(g) = g**2 - 13*g - 12. Let o be s(12). Let y = o - -19. Let k(n) = -27*n**2 + 7 - 19*n**2 - n**3 + 41*n**2 + 2*n. What is k(y)?
-3
Suppose -2*l + 2 = -2. Let g = 6 - l. Let t(q) = 3*q**3 + 8*q**2 - 4*q + 2. Let u(f) = 4*f**3 + 9*f**2 - 6*f + 3. Let p(c) = 5*t(c) - 4*u(c). Determine p(g).
14
Let x(w) = 3*w**2 - w. Suppose -13*o = 